{"id":18,"date":"2014-02-11T21:42:59","date_gmt":"2014-02-11T21:42:59","guid":{"rendered":"http:\/\/absoluteabfahrt.ilrc.de\/?page_id=18"},"modified":"2024-07-22T19:19:30","modified_gmt":"2024-07-22T19:19:30","slug":"lageplan","status":"publish","type":"page","link":"https:\/\/absoluteabfahrt.ilrc.de\/?page_id=18","title":{"rendered":"Fahrerlager"},"content":{"rendered":"<p>Das Eventgel\u00e4nde, der Zielbereich sowie das Fahrerlager\u00a0befinden sich im Gabelbachtal im S\u00fcden Ilmenaus. Wie ihr das Gel\u00e4nde am einfachsten erreicht, ist unter <a href=\"http:\/\/absoluteabfahrt.ilrc.de\/?page_id=16\">Anfahrt<\/a>\u00a0beschrieben. In der Stadt\u00a0sind alle wichtigen Orte und Parkpl\u00e4tze mit wei\u00dfen Schildern ausgewiesen.<\/p>\n<ul>\n<li>Das <strong>Fahrerlager Absolute Abfahrt<\/strong> bietet Frischwasser, warme Duschen sowie regelm\u00e4\u00dfig gereinigte Toiletten.\n<ul>\n<li>Kosten:\n<ul>\n<li><strong>pro Person<\/strong> 30 \u20ac f\u00fcr das gesamte Rennwochenende. Wer bereits am Donnerstag anreist, zahlt 5 \u20ac zus\u00e4tzlich.<\/li>\n<li><strong>Kinder<\/strong> unter 7 Jahre k\u00f6nnen kostenfrei im Fahrerlager \u00fcbernachten.<\/li>\n<\/ul>\n<\/li>\n<\/ul>\n<\/li>\n<li>Fahrerlager <strong>VPACE Kids Cup<\/strong> &#8211; Parkplatz Landratsamt (Krankenhausstra\u00dfe 12) &#8211; es <strong>ist nicht m\u00f6glich<\/strong> im Fahrerlager der Absoluten Abfahrt zu parken!<\/li>\n<li><strong>Team-\/ Expo-Stellpl\u00e4tze<\/strong> &#8211; bitte nehmt dazu Kontakt mit uns auf.<\/li>\n<li><strong>Caravan<\/strong>-Stellpl\u00e4tze mit Wasserver- und -entsorgung, ohne Stromanschluss finden sich im Bereich der Festhalle (Naumannstra\u00dfe).<\/li>\n<li><strong>Besucherparkpl\u00e4tze<\/strong> befinden sich ebenfalls im Bereich der Festhalle (Naumannstra\u00dfe) oder am Freibad (Schleusinger Allee).<\/li>\n<\/ul>\n\n<div class=\"wp-block-image\">\n<figure class=\"aligncenter\"><img decoding=\"async\" loading=\"lazy\" width=\"883\" height=\"663\" src=\"http:\/\/absoluteabfahrt.ilrc.de\/wp-content\/uploads\/2014\/02\/\u00dcbersicht_Stadt_Anfahrt_Parkpl\u00e4tze1.jpg\" alt=\"\" class=\"wp-image-237\" srcset=\"https:\/\/absoluteabfahrt.ilrc.de\/wp-content\/uploads\/2014\/02\/\u00dcbersicht_Stadt_Anfahrt_Parkpl\u00e4tze1.jpg 883w, https:\/\/absoluteabfahrt.ilrc.de\/wp-content\/uploads\/2014\/02\/\u00dcbersicht_Stadt_Anfahrt_Parkpl\u00e4tze1-300x225.jpg 300w, https:\/\/absoluteabfahrt.ilrc.de\/wp-content\/uploads\/2014\/02\/\u00dcbersicht_Stadt_Anfahrt_Parkpl\u00e4tze1-199x150.jpg 199w, https:\/\/absoluteabfahrt.ilrc.de\/wp-content\/uploads\/2014\/02\/\u00dcbersicht_Stadt_Anfahrt_Parkpl\u00e4tze1-150x112.jpg 150w\" sizes=\"(max-width: 883px) 100vw, 883px\" \/><\/figure><\/div>\n\n\n<p><a href=\"http:\/\/absoluteabfahrt.ilrc.de\/wp-content\/uploads\/2019\/07\/Lageplan2019-DE-1024x478.jpg\" target=\"_blank\" rel=\"noopener noreferrer\"><\/a><\/p>\n","protected":false},"excerpt":{"rendered":"<p>Das Eventgel\u00e4nde, der Zielbereich sowie das Fahrerlager\u00a0befinden sich im Gabelbachtal im S\u00fcden Ilmenaus. Wie ihr das Gel\u00e4nde am einfachsten erreicht, ist unter Anfahrt\u00a0beschrieben. In der Stadt\u00a0sind alle wichtigen Orte und Parkpl\u00e4tze mit wei\u00dfen Schildern ausgewiesen. Das Fahrerlager Absolute Abfahrt bietet Frischwasser, warme Duschen sowie regelm\u00e4\u00dfig gereinigte Toiletten. Kosten: pro Person&#8230;<\/p>\n<p class=\"continue-reading-button\"> <a class=\"continue-reading-link\" href=\"https:\/\/absoluteabfahrt.ilrc.de\/?page_id=18\">Weiterlesen<i class=\"crycon-right-dir\"><\/i><\/a><\/p>\n","protected":false},"author":1,"featured_media":0,"parent":0,"menu_order":0,"comment_status":"closed","ping_status":"closed","template":"","meta":[],"_links":{"self":[{"href":"https:\/\/absoluteabfahrt.ilrc.de\/index.php?rest_route=\/wp\/v2\/pages\/18"}],"collection":[{"href":"https:\/\/absoluteabfahrt.ilrc.de\/index.php?rest_route=\/wp\/v2\/pages"}],"about":[{"href":"https:\/\/absoluteabfahrt.ilrc.de\/index.php?rest_route=\/wp\/v2\/types\/page"}],"author":[{"embeddable":true,"href":"https:\/\/absoluteabfahrt.ilrc.de\/index.php?rest_route=\/wp\/v2\/users\/1"}],"replies":[{"embeddable":true,"href":"https:\/\/absoluteabfahrt.ilrc.de\/index.php?rest_route=%2Fwp%2Fv2%2Fcomments&post=18"}],"version-history":[{"count":38,"href":"https:\/\/absoluteabfahrt.ilrc.de\/index.php?rest_route=\/wp\/v2\/pages\/18\/revisions"}],"predecessor-version":[{"id":943,"href":"https:\/\/absoluteabfahrt.ilrc.de\/index.php?rest_route=\/wp\/v2\/pages\/18\/revisions\/943"}],"wp:attachment":[{"href":"https:\/\/absoluteabfahrt.ilrc.de\/index.php?rest_route=%2Fwp%2Fv2%2Fmedia&parent=18"}],"curies":[{"name":"wp","href":"https:\/\/api.w.org\/{rel}","templated":true}]}}